0. Suppose -15 = -n + 3*m - 0, -m + 55 = 3*n. What is the greatest common divisor of n and z?
6
Suppose -5*i - 13 = -5*v + 2, 2*i = 5*v - 6. Let s be 45/(1 - -2) + v. Calculate the highest common divisor of 10 and s.
5
Let l(w) = -3*w - 1. Let p be l(-1). Let b(m) = 2*m**p - 3*m + 2*m - 4*m - 3*m. Let g be b(-6). What is the highest common divisor of 48 and g?
24
Let u be 2 + (-346 + -2)/(-2). Suppose -4*j - u = -4*p, -2*j + 4*j + 85 = p. Let z = j - -61. Calculate the highest common divisor of 10 and z.
10
Suppose 0*q - 3*q + 215 = 2*t, -4*t + q = -395. Suppose 26 + 70 = -3*n. Let k = n + 57. What is the highest common divisor of t and k?
25
Suppose 5*v + 33 = 63. Let y(m) = -8*m. Let g be y(-6). What is the greatest common divisor of v and g?
6
Suppose -40 = -3*g + 5. What is the highest common factor of g and 3?
3
Let s(v) = -v**2 + 7*v - 5. Let z be s(5). What is the highest common divisor of z and 25?
5
Suppose 3*f + f = 0. Suppose -4*u - 4*q = -f*u - 32, u - 20 = 2*q. Let r = 269 - 161. What is the highest common factor of u and r?
12
Let i = 371 - 226. Calculate the greatest common divisor of i and 58.
29
Let g = 1 - 3. Let x be (-600)/(-27) + g/9. Suppose -2*q = j - 8, x = -q + 5*q + 5*j. Calculate the greatest common divisor of q and 6.
3
Let k(o) = 32*o**3 - o + 1. Let b be k(1). What is the highest common factor of 16 and b?
16
Let u be (-9)/(-1) - (-5 + 2). Calculate the greatest common divisor of 36 and u.
12
Suppose -n - n = -4*c - 374, -5*c - 175 = -n. What is the highest common divisor of 78 and n?
39
Suppose 5*l - y - 11 = 18, 2*l - 3*y - 22 = 0. Suppose 1340 = 3*h + 3*j + 2*j, 2*j = -10. Suppose l*a - 105 = h. What is the greatest common factor of a and 16?
16
Let k = 104 + -95. Calculate the greatest common factor of k and 117.
9
Let z(r) = r + 29. Let p(t) = -10. Let v(f) = -17*p(f) - 6*z(f). Let x be v(-4). Calculate the highest common divisor of x and 140.
20
Let p = 3 - 1. What is the greatest common divisor of p and 1?
1
Let o be (-2)/3 + (-2568)/36. Let w be o/(-16)*(-8)/(-3). Calculate the greatest common divisor of w and 6.
6
Let n = 89 + -19. What is the greatest common divisor of 28 and n?
14
Suppose 0*x + q = 2*x - 18, -3*q = -2*x + 10. What is the greatest common divisor of 187 and x?
11
Let j(c) = -c**2 + c + 7. Let u be j(0). Let n be ((-378)/45)/(2/(-15)). Calculate the highest common factor of n and u.
7
Suppose 0*s - 3*s + 4*y + 241 = 0, 3*s + 4*y = 209. Let h = -31 + 53. Suppose -2*l + 38 + h = 0. Calculate the greatest common divisor of l and s.
15
Let g(r) = r**3 + 2*r**2 - r - 1. Let u be g(-2). Calculate the highest common divisor of u and 3.
1
Suppose -2*b + 3 = -1. Suppose -b*v = 3*v - 65. Suppose 470 = 5*x - 5*n, -7*n = -2*n + 15. What is the highest common factor of x and v?
13
Suppose -103*x + 98*x + 225 = 0. What is the highest common divisor of 9 and x?
9
Let g(s) = s**2 + 3*s - 4. Let l be g(10). Let m = l - 26. Calculate the greatest common divisor of m and 20.
20
Suppose 9*t - 7*t - 8 = 0. Let a(x) = 9*x + 4. Let v be a(t). Suppose 0 = 3*z - 145 - 155. What is the highest common factor of v and z?
20
Let m(y) = 2*y**3 - 7*y**2 - 18*y + 7. Let f be m(7). What is the greatest common divisor of f and 28?
28
Suppose 3*z + 11 = 4*z. Let p(h) = 5*h - 35. Let t be p(18). What is the highest common factor of t and z?
11
Suppose x + 2*x = -4*y - 10, 3*x = 5*y + 26. Let r be x + (36 - 1) + -1. Suppose 5*d = -6*n + n + 45, 5*n = 0. What is the highest common divisor of r and d?
9
Suppose -9 = x - 4*x. Suppose -4*j = 2*d - 26, -5*j + 7 + x = -2*d. Let p be (-3)/(-6) + 34/j. What is the greatest common factor of p and 18?
9
Let x = 2 + 2. What is the greatest common factor of 6 and x?
2
Suppose -3 = -5*f + a + 2, 0 = 4*a - 20. What is the greatest common factor of 10 and f?
2
Let g(f) = f**2 - 4*f + 6. Let k be g(6). Suppose 4*v + 3*p = -p - 40, 5*p = -4*v - 42. Let s = k + v. What is the greatest common divisor of 4 and s?
2
Suppose 6*u = 8*u - 192. Let w(s) = s**3 + 5*s**2 - 2*s + 2. Let a be w(-5). What is the highest common factor of a and u?
12
Let o(d) = d**2 - 5*d + 9. Let m be o(6). Let j(n) = 2*n**2 + 3. Let c be j(-9). What is the highest common divisor of m and c?
15
Let l be (130/4*-2)/(-1). Let m(d) = d**3 + 8*d**2 - 13*d - 10. Let b = 6 + -15. Let h be m(b). Calculate the greatest common divisor of l and h.
13
Let t(i) = -i**3 + 5*i**2 - 4*i + 4. Let z be t(4). Suppose x = -3, -3*n + z*n + x = 3. What is the highest common divisor of n and 24?
6
Let y(x) = -x - 4. Let n be y(-8). Suppose q + 4 - 36 = 0. What is the highest common factor of q and n?
4
Suppose -b + 72 = -47. Calculate the highest common divisor of 17 and b.
17
Suppose u - 106 - 7 = 0. Let f = 15 + u. Calculate the highest common divisor of f and 16.
16
Let w be ((-34)/(-6))/((-3)/(-36)). Let o be (-1)/4*0 + 3. Suppose o*v = 43 + 8. What is the greatest common divisor of v and w?
17
Let y = -2 + 47. Suppose 2*f + 3 = 33. What is the highest common factor of y and f?
15
Let x(y) = 26*y**2 - 3*y + 2. Suppose 4*m + 0 = 4. Let z be x(m). Suppose 4*a + 0*o - 12 = 4*o, 3*a = o + 13. Calculate the greatest common factor of a and z.
5
Let g = -116 - -152. Calculate the highest common divisor of g and 48.
12
Let v be (-13 - -11)/(1/(-6) - 0). What is the greatest common divisor of 3 and v?
3
Suppose -2*q + 4*q = 34. What is the greatest common factor of q and 51?
17
Let r(i) = -2*i - 8. Let g be r(-6). Suppose g = -5*a - 6. Let p(q) = -9*q**3 - 2*q**2 + q + 2. Let s be p(a). Calculate the greatest common factor of 8 and s.
8
Suppose 0*a + 3*a = 33. What is the greatest common divisor of 55 and a?
11
Let p = 207 - 116. What is the greatest common divisor of 13 and p?
13
Let r be 46 + 0 - (-2)/(-2). Let v be 1856/104 + (-2)/(-13) - 0. Calculate the highest common divisor of v and r.
9
Suppose -5*x - 2*f + 0*f = 12, -x + f = 1. Let a = x + 11. Calculate the highest common factor of a and 27.
9
Let s = -27 + 39. Suppose 3*z - z - s = 0. Let u = z + -5. Calculate the highest common factor of u and 9.
1
Suppose -8 = -7*k + 3*k. Suppose 0 = 5*z - 5*o - 50, 4*z + 4*o - 47 = 9. Calculate the highest common factor of z and k.
2
Let u be 1*7 + (0 - 1). Let n = 15 - u. Suppose 0 = 3*w - 178 - 38. Calculate the highest common divisor of w and n.
9
Let n(d) = d**3 + 8*d**2 - 9*d - 6. Let q be n(-6). Calculate the highest common factor of q and 15.
15
Let d(g) = -1 - 1 - 74*g + 51*g + 0. Let b be d(-2). Calculate the greatest common factor of b and 110.
22
Let x = -2 + 8. Suppose 4*f - 288 = -2*o + x*o, 4*f - 3*o = 288. Suppose 0*q = q - 8. Calculate the highest common divisor of f and q.
8
Let w(r) = r**2 - 2. Let q be w(2). Calculate the greatest common factor of q and 1.
1
Suppose 4*s + 4*b = 41 - 253, -b - 218 = 4*s. Let x be s/4*8/(-2). Let d = -10 - -15. What is the greatest common divisor of d and x?
5
Let g(a) = -a + 81. Let v be g(0). Let t = -1 - 4. Let d = 14 + t. What is the greatest common factor of v and d?
9
Suppose 5*y = -c + 10, -y + 0*y - 2*c = -2. Suppose 0 = 5*f - y*l - 5, -2*l + 4*l - 7 = f. What is the greatest common factor of 33 and f?
3
Let k be (-6)/4*650/(-39). What is the greatest common divisor of k and 100?
25
Suppose 42 = 2*h - 70. Calculate the highest common divisor of h and 14.
14
Let b be ((-88)/(-55))/((-4)/(-10)). Suppose -b*z - 6 = -5*z. Calculate the greatest common divisor of 4 and z.
2
Suppose 5*l - 9 = -24. Let z = l + 5. Suppose -5*h + 0*w = -3*w - 39, -z*w - 41 = -5*h. What is the highest common divisor of h and 9?
9
Let q be -1*3*(-24 + 12/4). Let c(n) = n + 2. Let s(r) = r**2 + 6*r + 5. Let f be s(-6). Let g be c(f). Calculate the highest common factor of q and g.
7
Let q(i) = 6*i. Let s be q(5). Let t = s + -12. Let c be 4/(-2) - -4*2. What is the highest common divisor of c and t?
6
Suppose 0 = 4*j - 5*j + 43. Let g = -26 + j. Calculate the highest common factor of g and 68.
17
Let y(q) = -q**3 - 4*q**2 - 9*q - 22. Let h be y(-4). Let d = -94 + 206. Calculate the greatest common divisor of d and h.
14
Suppose -106 = -3*a + 2. What is the greatest common divisor of 24 and a?
12
Let f = -27 - -91. Suppose 0 = d - 0*d - f. Calculate the highest common factor of d and 8.
8
Suppose -2*m - 81 = -4*b + 5, 0